 g, -d*i + 4*s + 6 = 0. What is the remainder when i is divided by 5?
3
Let u(m) = 0*m**3 - 2*m**2 - 6*m**2 - m**3 + m**2 + 2. Let k be u(-7). Suppose z - 60 = -k*z. Calculate the remainder when 38 is divided by z.
18
Let g = 21 + -11. Suppose 5*y - 55 = -4*f - f, f - 4 = 0. Calculate the remainder when 131/y - (-4)/14 is divided by g.
9
Suppose -4*h + 193 = 2*d - 343, -3*h + 392 = -d. Suppose 0 = 5*o + 7 - h. Suppose -4 = 8*r - 116. What is the remainder when o is divided by r?
11
Let c = 353 + -165. What is the remainder when c is divided by 32?
28
Let v be (1/2)/(2/12). Suppose -2*w + 63 = -d, -v*w + 3*d = -d - 92. Calculate the remainder when 61 is divided by w.
29
Suppose 5*k - 6 - 4 = 0. Let v(f) = 3*f + 3. Let c be v(-6). Calculate the remainder when (3 + c)/((-3)/k) is divided by 3.
2
Let s = -13 - -11. Let u(n) = -n + 15. What is the remainder when u(s) is divided by 10?
7
Suppose 50 + 65 = 5*p. Suppose -4 - 16 = -4*g. Suppose -5*i = g, -4*r - r + 3*i = -28. Calculate the remainder when p is divided by r.
3
Let y(k) = -k**2 + 14*k - 24. Let c be y(12). Suppose 3*g = 7*g - b - 31, c = -4*g + 3*b + 21. Calculate the remainder when 16 is divided by g.
7
Let g(o) = -4*o + 30. Let f be g(13). What is the remainder when -1 - (f - (-3 + -1)) is divided by 7?
3
Suppose 5*u = 2*p + 292, 4*u + 4*p = 156 + 100. What is the remainder when u is divided by 18?
6
Suppose -9*i + 6*i = -396. Calculate the remainder when i is divided by ((-216)/20)/((-2)/5).
24
Let n = -984 + 1865. Calculate the remainder when n is divided by 6.
5
Suppose 3*z - 41 = 4*b - 0*b, -3*z - 5*b = -23. What is the remainder when 63 is divided by z?
8
Let s be (11682/88)/((-2)/8). Let c = 944 + s. Calculate the remainder when c is divided by 16.
13
Let a be 2/5*(111 - 11). Suppose a = f - 14. Calculate the remainder when f is divided by 28.
26
Let x be 11/(-33) + 14/6. Suppose 5*b = -5*w, -5*w + 0*b = -x*b. Suppose 7*f - 4*f - 57 = w. What is the remainder when f is divided by 11?
8
Let t(d) = -d**2 - 37*d - 18. Calculate the remainder when t(-17) is divided by 18.
16
Let d(p) = 3*p + 7. Let n be d(5). Suppose 0 = -r - 5 - n. Let c = r - -119. What is the remainder when c is divided by 24?
20
Suppose -u = 5*z - 1250, 2*u - 3*z = 3*u - 1254. Suppose u = -a + 13*a. Calculate the remainder when a is divided by 27.
24
Let x = 771 - 712. What is the remainder when 226 is divided by x?
49
Let a(r) = r**3 - 52*r**2 + 101*r - 42. Calculate the remainder when ((-176)/(-20))/((-2)/(-5)) is divided by a(50).
6
Suppose 2*g - 6 + 2 = 0. Let d(c) = -3*c - 11. Let u be d(-3). Calculate the remainder when g is divided by (2 + u + -1)/(-1).
0
Let y = 8 - 7. Let i(o) = 4*o**3 + 2*o**2 - 1. Let f(h) = h + 11. What is the remainder when f(8) is divided by i(y)?
4
Suppose -3 = a - 16. Calculate the remainder when (-423)/(-18) + 4/8 is divided by a.
11
Let w = 359 + -156. Calculate the remainder when w is divided by 17.
16
Let t = 44 - 71. Let h be t/9 - (-2 + -29). Let j = -15 + h. What is the remainder when 50 is divided by j?
11
Suppose 0 = -11*z + 246 + 1448. What is the remainder when z is divided by 13?
11
What is the remainder when 130 is divided by (-1)/(-2)*(14 + -1106)/(-13)?
4
Let y = -12 + 28. Suppose -y*k = -7*k - 1044. Calculate the remainder when k is divided by 39.
38
Suppose -m - m + g + 23 = 0, -3*g + 9 = 0. Suppose 0*z + 290 = 5*k + 5*z, 2*k = -3*z + 111. What is the remainder when k is divided by m?
11
Let n(u) = -13*u**3 + u**2 + u + 1. Let d be 1 - ((3 - 5) + 4). Calculate the remainder when 41 is divided by n(d).
13
Let b(y) = 14 + 40*y - 75*y + 36*y. Let q be b(-9). Suppose 6 = 2*o + 2*n, 14 = q*o - 5*n - 1. Calculate the remainder when o is divided by 1.
0
Suppose o - 3*c = -39, 3*c + c + 290 = -5*o. What is the remainder when ((-3)/(-2))/((-3)/o) is divided by 10?
7
Let l(u) = -39*u - 130. What is the remainder when l(-4) is divided by 7?
5
Let a = 71 - 30. Let l = a - 31. Calculate the remainder when 17 is divided by l.
7
Suppose 5*q - q - 300 = 4*w, 4*q + 5*w - 264 = 0. Calculate the remainder when q is divided by 25.
21
Let v be -2 - 2 - (0 - -2). Let y(m) = m**2 - 4*m - 6. What is the remainder when v/3 + (47 - 2) is divided by y(-3)?
13
Let g(c) = -c**2 + 18. Suppose s + 5 = 2*i, 3*i - 3 - 6 = 0. Let q = 1 - s. Calculate the remainder when g(q) is divided by 7.
4
What is the remainder when (388/(-14))/((-10)/70) is divided by 22?
18
Let f = -567 - -714. What is the remainder when f is divided by 74?
73
What is the remainder when (-1476)/(-21) - ((-30)/(-21))/5 is divided by 9?
7
Suppose 4*u + 0*u + 1874 = 3*s, 5*s + 3*u = 3162. Suppose s = -0*o + 6*o. Calculate the remainder when o is divided by 27.
24
Suppose k - 15 = 6*k. Let d be (15/(-25))/(k/15). Suppose 8*q - 35 = d*q. Calculate the remainder when 13 is divided by q.
6
Let s = -435 + 495. What is the remainder when 179 is divided by s?
59
Suppose 6*b = -b + 679. Suppose -5*i + 63 = -b. What is the remainder when i is divided by 19?
13
Let u = 36 + -14. Let x = u + -14. Let c(o) = o - 12. Calculate the remainder when c(25) is divided by x.
5
Suppose -3*q = -2 - 55. Suppose 10*j + 32 = -78. Let l(k) = -3*k + 60. Calculate the remainder when l(j) is divided by q.
17
Let j(b) = -b**3 + 25*b**2 - 62*b + 7. What is the remainder when 162 is divided by j(4)?
67
Suppose -4*m = -6*m + 100. Suppose 0*h - 2*h + m = 0. What is the remainder when h is divided by 14 + -6 - 2*(-2)/4?
7
Let z = -16 + 38. Suppose 290*p = 292*p - 72. Calculate the remainder when p is divided by z.
14
Let f(p) = 2*p**2 - 8*p + 7. Let r(t) = -t**3 - 7*t**2 - t - 6. Let w be 8 + -5 + -11 + 0. Calculate the remainder when r(w) is divided by f(5).
15
Suppose 12 + 56 = -4*m. Let k = m + 34. Suppose 0*x = 3*x + 3, 0 = -h - 3*x + 46. Calculate the remainder when h is divided by k.
15
Suppose 32*v + 750 = 37*v. What is the remainder when v is divided by 22?
18
Let u(o) = 30*o + 188. What is the remainder when 83 is divided by u(-6)?
3
Let x = 31 - 7. Suppose -3*n = 1 - 40. What is the remainder when x is divided by n?
11
Suppose -6*f = -11*f + 25. Suppose 4*q + 3*r = 17, 0*r + 4*r - 20 = -f*q. Calculate the remainder when 27 is divided by q.
3
Calculate the remainder when ((-2990)/(-25))/(5*(-2)/(-25)) is divided by 75.
74
Suppose -3*l + 9 = 3*q, 4*q + 0*q = 4*l - 52. Let r(h) = -h + 10. Let p(a) = -9. Let f(u) = -4*p(u) - 5*r(u). What is the remainder when f(7) is divided by l?
5
Let o(k) = 9*k + 123. Calculate the remainder when 65 is divided by o(-11).
17
Let k = 343 - 329. What is the remainder when 250 is divided by k?
12
Suppose 2*k + 0*k + 4*r = 54, r + 53 = 3*k. Suppose 4*h - j - 26 = 62, -4*h = -4*j - 100. Calculate the remainder when k is divided by (-9)/6*(-154)/h.
8
Let a be (-4)/(-8) - (-15)/2. Let c = a - -14. Let t(r) = -295*r - 232. Calculate the remainder when t(-1) is divided by c.
19
Suppose 28 + 117 = 5*t. Let x = t + -20. What is the remainder when x is divided by 1*-1*(-3)/1?
0
Let y = -54 - -175. Let r = -80 + y. Calculate the remainder when 120 is divided by r.
38
Let g = 28 + -18. Let l = -202 + 219. Calculate the remainder when l is divided by g.
7
Suppose 5*d + 154 = 2*r, -4*d + 3*d + 231 = 3*r. Suppose 2*o = 10, 40*n - 116 = 37*n + 2*o. Calculate the remainder when r is divided by n.
35
Suppose -1061 + 508 = -7*t. Calculate the remainder when 1341 is divided by t.
77
Suppose c = -3*w + 26, 4*c - 8 = 6*c. Let i = -2079 + 2106. Calculate the remainder when i is divided by w.
7
Suppose 2*j + 11 - 7 = 0, -4*y + 3*j = -46. Suppose 3*s - 3*o = 123, -2*s - s + o + 131 = 0. Calculate the remainder when s is divided by y.
5
Let j(y) = -y + 8. Let b(h) = 5*h - 1. Let t(s) = -6*s. Let x(f) = -3*b(f) - 2*t(f). What is the remainder when x(0) is divided by j(7)?
0
Let q = 535 - 154. What is the remainder when q is divided by 12?
9
Suppose -48 = 4*y - 0*y. Let v = y + 27. Calculate the remainder when 37 is divided by 4/(-3)*v/(-2).
7
Let u(l) = 3*l**2 - 5*l + 4. Suppose 0 = -2*x - 7 - 3. What is the remainder when (-3)/(-5) + (-142)/x is divided by u(3)?
13
Let w = -120 + 341. What is the remainder when w is divided by 71?
8
Let q be (1 + -3)*(-15 + 6). What is the remainder when 17 is divided by (3/(-15))/(8/(-20))*q?
8
Suppose 5*j - 4*